{"id":227,"date":"2018-09-26T21:24:36","date_gmt":"2018-09-26T19:24:36","guid":{"rendered":"http:\/\/psychologie-salamon.at\/?page_id=227"},"modified":"2026-01-02T00:39:59","modified_gmt":"2026-01-01T23:39:59","slug":"respekt-sicherheit","status":"publish","type":"page","link":"https:\/\/psychologie-salamon.at\/?page_id=227","title":{"rendered":"Respekt &#038; Sicherheit"},"content":{"rendered":"<p><img fetchpriority=\"high\" decoding=\"async\" class=\"size-medium wp-image-228 alignright\" src=\"https:\/\/psychologie-salamon.at\/wp-content\/uploads\/2018\/09\/Logo_Respekt-Sicherheit_100sport-300x212.jpg\" alt=\"\" width=\"300\" height=\"212\" srcset=\"https:\/\/psychologie-salamon.at\/wp-content\/uploads\/2018\/09\/Logo_Respekt-Sicherheit_100sport-300x212.jpg 300w, https:\/\/psychologie-salamon.at\/wp-content\/uploads\/2018\/09\/Logo_Respekt-Sicherheit_100sport-768x543.jpg 768w, https:\/\/psychologie-salamon.at\/wp-content\/uploads\/2018\/09\/Logo_Respekt-Sicherheit_100sport-800x565.jpg 800w, https:\/\/psychologie-salamon.at\/wp-content\/uploads\/2018\/09\/Logo_Respekt-Sicherheit_100sport.jpg 842w\" sizes=\"(max-width: 300px) 100vw, 300px\" \/>Bereits 2014 \u2013 bevor noch die &#8222;MeToo&#8220;-Debatte aufkam \u2013 wurde mit der EU-Strategie &#8222;Gender Equality in Sport. Proposal for Strategic Actions 2014-2020&#8220; ein Ma\u00dfnahmenkatalog erstellt, um Gewalt im Sport vorzubeugen. Dabei wurden folgende Schwerpunktthemen herausgearbeitet:<\/p>\n<ul>\n<li>ein ausgewogenes Verh\u00e4ltnis von Trainern und Trainerinnen<\/li>\n<li>ausgewogene Besetzungen der Sportgremien<\/li>\n<li>Ma\u00dfnahmen gegen sexuelle Gewalt<\/li>\n<li>Stereotypenbildung im Sport und die Rolle der Medien<\/li>\n<\/ul>\n<p>F\u00fcr diese Schwerpunktthemen wurden Arbeitsgruppen gebildet, die vom Verein 100% Sport begleitet werden. Unter anderem auch die AG &#8222;Pr\u00e4vention sexualisierter Gewalt&#8220;, die unter dem Motto &#8222;F\u00fcr Respekt und Sicherheit \u2013 gegen sexualisierte \u00dcbergriffe im Sport&#8220; Materialien und Handlungsempfehlungen f\u00fcr Sportverb\u00e4nde und -vereine erstellt hat. Das zugeh\u00f6rige Logo stellt zum Ausdruck, dass eine\/r von 5 SportlerInnen Opfer von sexualisierten \u00dcbergriffen im Sport wird.<\/p>\n<div id=\"attachment_137\" style=\"width: 310px\" class=\"wp-caption alignright\"><img decoding=\"async\" aria-describedby=\"caption-attachment-137\" class=\"wp-image-137 size-medium\" src=\"https:\/\/psychologie-salamon.at\/wp-content\/uploads\/2018\/08\/Denise_Vortrag2-300x200.jpg\" alt=\"\" width=\"300\" height=\"200\" srcset=\"https:\/\/psychologie-salamon.at\/wp-content\/uploads\/2018\/08\/Denise_Vortrag2-300x200.jpg 300w, https:\/\/psychologie-salamon.at\/wp-content\/uploads\/2018\/08\/Denise_Vortrag2-768x512.jpg 768w, https:\/\/psychologie-salamon.at\/wp-content\/uploads\/2018\/08\/Denise_Vortrag2-1024x683.jpg 1024w, https:\/\/psychologie-salamon.at\/wp-content\/uploads\/2018\/08\/Denise_Vortrag2-800x533.jpg 800w, https:\/\/psychologie-salamon.at\/wp-content\/uploads\/2018\/08\/Denise_Vortrag2.jpg 1944w\" sizes=\"(max-width: 300px) 100vw, 300px\" \/><p id=\"caption-attachment-137\" class=\"wp-caption-text\">\u00a9Mario Schuster www.mental-synergy.at<\/p><\/div>\n<p>Dieser Initiative entspringt auch der ReferentInnen-Pool mit ExpertInnen zu diesem Thema, die f\u00fcr Vortr\u00e4ge eigens geschult wurden. Als ausgebildete Referentin f\u00fcr 100% Sport ist es mein Ziel aufzuzeigen, dass jede\/r Betroffen sein kann und die Abwehrhaltung vieler Vereine und Verb\u00e4nde mit dem Satz &#8222;Sowas gibt&#8217;s bei uns nicht&#8220; nicht zeitgem\u00e4\u00df ist. Das Thema ist \u00e4u\u00dferst sensibel und verlangt schrittweise spezifische Aufkl\u00e4rungsarbeit. Gerne biete ich Sportverb\u00e4nden und -vereinen Impuls- oder Kurzvortr\u00e4ge sowie auch umfangreichere Workshops. Ziel ist eine Sensibilisierung f\u00fcr sowie eine Enttabuisierung des \u00e4u\u00dferst heiklen Themas.<\/p>\n<p>Die Handreichung mit Tipps zur Pr\u00e4vention und Hilfestellungen f\u00fcr den akuten Anlassfall finden Sie hier (3. Auflage 2023):<\/p>\n<p><strong><a href=\"https:\/\/safesport.at\/wp-content\/uploads\/2023\/03\/2023-01_Handreichung_Einzelseiten-Bildschirm.pdf\">Handreichung Respekt und Sicherheit<\/a><\/strong><\/p>\n<p>Bei Interesse an einem Workshop, kontaktieren Sie mich bitte per Mail oder telefonisch.<\/p>\n\n\n<p><\/p>\n","protected":false},"excerpt":{"rendered":"<p>Bereits 2014 \u2013 bevor noch die &#8222;MeToo&#8220;-Debatte aufkam \u2013 wurde mit der EU-Strategie &#8222;Gender Equality in Sport. Proposal for Strategic Actions 2014-2020&#8220; ein Ma\u00dfnahmenkatalog erstellt, um Gewalt im Sport vorzubeugen. Dabei wurden folgende Schwerpunktthemen herausgearbeitet: ein ausgewogenes Verh\u00e4ltnis von Trainern und Trainerinnen ausgewogene Besetzungen der Sportgremien Ma\u00dfnahmen gegen sexuelle Gewalt Stereotypenbildung im Sport und die Rolle der Medien F\u00fcr diese&hellip;<\/p>\n","protected":false},"author":1,"featured_media":0,"parent":0,"menu_order":0,"comment_status":"closed","ping_status":"closed","template":"","meta":{"footnotes":""},"class_list":["post-227","page","type-page","status-publish","hentry"],"_links":{"self":[{"href":"https:\/\/psychologie-salamon.at\/index.php?rest_route=\/wp\/v2\/pages\/227","targetHints":{"allow":["GET"]}}],"collection":[{"href":"https:\/\/psychologie-salamon.at\/index.php?rest_route=\/wp\/v2\/pages"}],"about":[{"href":"https:\/\/psychologie-salamon.at\/index.php?rest_route=\/wp\/v2\/types\/page"}],"author":[{"embeddable":true,"href":"https:\/\/psychologie-salamon.at\/index.php?rest_route=\/wp\/v2\/users\/1"}],"replies":[{"embeddable":true,"href":"https:\/\/psychologie-salamon.at\/index.php?rest_route=%2Fwp%2Fv2%2Fcomments&post=227"}],"version-history":[{"count":10,"href":"https:\/\/psychologie-salamon.at\/index.php?rest_route=\/wp\/v2\/pages\/227\/revisions"}],"predecessor-version":[{"id":421,"href":"https:\/\/psychologie-salamon.at\/index.php?rest_route=\/wp\/v2\/pages\/227\/revisions\/421"}],"wp:attachment":[{"href":"https:\/\/psychologie-salamon.at\/index.php?rest_route=%2Fwp%2Fv2%2Fmedia&parent=227"}],"curies":[{"name":"wp","href":"https:\/\/api.w.org\/{rel}","templated":true}]}}